871
What are the prime factors of 25225664?
2, 23, 17137
What are the prime factors of 22815?
3, 5, 13
List the prime factors of 24791972.
2, 739, 8387
List the prime factors of 1323001.
1323001
List the prime factors of 521687.
233, 2239
List the prime factors of 2667231.
3, 7, 42337
List the prime factors of 3754765.
5, 7, 107279
What are the prime factors of 201404?
2, 7, 7193
List the prime factors of 1429155.
3, 5, 7, 13, 349
What are the prime factors of 308902?
2, 11, 19, 739
What are the prime factors of 16945722?
2, 3, 941429
What are the prime factors of 18160554?
2, 3, 29, 59, 61
List the prime factors of 1590757.
7, 227251
List the prime factors of 6354217.
6354217
List the prime factors of 5543655.
3, 5, 13, 28429
List the prime factors of 5033457.
3, 11, 13, 3911
List the prime factors of 824840.
2, 5, 17, 1213
What are the prime factors of 4577182?
2, 17, 7919
What are the prime factors of 1340235?
3, 5, 13, 29, 79
What are the prime factors of 23229?
3, 29, 89
List the prime factors of 1897264.
2, 19, 79
What are the prime factors of 13126627?
13126627
List the prime factors of 222266.
2, 11, 10103
List the prime factors of 7244174.
2, 7, 67, 7723
What are the prime factors of 14793632?
2, 7, 211, 313
List the prime factors of 7033882.
2, 151, 23291
List the prime factors of 822417.
3, 274139
List the prime factors of 1134187.
1134187
What are the prime factors of 2150793?
3, 53, 167
List the prime factors of 3628587.
3, 103, 11743
What are the prime factors of 10966791?
3, 11, 23, 14449
List the prime factors of 194379.
3, 64793
List the prime factors of 538885.
5, 107777
What are the prime factors of 5087949?
3, 61, 27803
List the prime factors of 30071626.
2, 13, 23, 50287
List the prime factors of 485922.
2, 3, 109, 743
What are the prime factors of 1324277?
79, 16763
What are the prime factors of 2858680?
2, 5, 11, 73, 89
List the prime factors of 3291090.
2, 3, 5, 11, 9973
List the prime factors of 295317.
3, 11, 19, 157
List the prime factors of 8975963.
8975963
List the prime factors of 191438.
2, 13, 37, 199
What are the prime factors of 284440?
2, 5, 13, 547
List the prime factors of 4391134.
2, 11, 17, 59, 199
What are the prime factors of 15783659?
67, 235577
List the prime factors of 59597.
61, 977
List the prime factors of 7366800.
2, 3, 5, 7, 877
List the prime factors of 204233.
204233
List the prime factors of 317701.
317701
List the prime factors of 243434.
2, 59, 2063
What are the prime factors of 1794359?
7, 256337
What are the prime factors of 4377544?
2, 23, 37, 643
What are the prime factors of 5941005?
3, 5, 7, 59, 137
What are the prime factors of 75758?
2, 37879
List the prime factors of 2743855.
5, 548771
What are the prime factors of 433501?
433501
List the prime factors of 8863686.
2, 3, 13, 37879
List the prime factors of 6483122.
2, 991, 3271
List the prime factors of 629569.
629569
What are the prime factors of 8103766?
2, 11, 19, 19387
List the prime factors of 12320659.
13, 947743
What are the prime factors of 1009287?
3, 29, 1289
List the prime factors of 697409.
697409
What are the prime factors of 2637009?
3, 101, 967
List the prime factors of 11255659.
37, 61, 4987
What are the prime factors of 35157154?
2, 17578577
List the prime factors of 644024.
2, 19, 223
What are the prime factors of 834134?
2, 7, 59581
What are the prime factors of 2454630?
2, 3, 5, 17, 4813
What are the prime factors of 7122496?
2, 109, 1021
List the prime factors of 239892.
2, 3, 19991
What are the prime factors of 3558909?
3, 19, 29, 2153
List the prime factors of 1244637.
3, 41, 3373
What are the prime factors of 25757048?
2, 3219631
What are the prime factors of 115165?
5, 31, 743
What are the prime factors of 252088?
2, 31511
List the prime factors of 863208.
2, 3, 19, 631
What are the prime factors of 12285?
3, 5, 7, 13
What are the prime factors of 639196?
2, 159799
What are the prime factors of 1395941?
449, 3109
What are the prime factors of 431527?
227, 1901
List the prime factors of 5924824.
2, 740603
List the prime factors of 285957.
3, 7, 17, 89
What are the prime factors of 162719?
29, 31, 181
What are the prime factors of 332209?
71, 4679
List the prime factors of 4778937.
3, 19, 27947
List the prime factors of 3783835.
5, 11, 89, 773
List the prime factors of 262194.
2, 3, 89, 491
What are the prime factors of 608936?
2, 103, 739
What are the prime factors of 500663?
179, 2797
What are the prime factors of 6840498?
2, 3, 7, 53, 439
What are the prime factors of 1420863?
3, 397, 1193
What are the prime factors of 1764142?
2, 882071
List the prime factors of 71612.
2, 17903
List the prime factors of 52689.
3, 7, 13, 193
List the prime factors of 2095073.
19, 31, 3557
List the prime factors of 118313.
13, 19, 479
What are the prime factors of 1014696?
2, 3, 17, 829
What are the prime factors of 44814?
2, 3, 7, 11, 97
What are the prime factors of 2208034?
2, 1104017
What are the prime factors of 920380?
2, 5, 17, 2707
List the prime factors of 799127.
7, 114161
What are the prime factors of 216915?
3, 5, 14461
What are the prime factors of 267030?
2, 3, 5, 23, 43
What are the prime factors of 3136298?
2, 11, 142559
What are the prime factors of 397300?
2, 5, 29, 137
What are the prime factors of 5486734?
2, 11, 249397
What are the prime factors of 4848990?
2, 3, 5, 19, 47, 181
What are the prime factors of 6078395?
5, 1215679
What are the prime factors of 220208?
2, 13763
What are the prime factors of 6130228?
2, 13, 117889
List the prime factors of 56516.
2, 71, 199
What are the prime factors of 1808690?
2, 5, 13, 13913
What are the prime factors of 1677664?
2, 103, 509
What are the prime factors of 34181?
7, 19, 257
What are the prime factors of 43488?
2, 3, 151
List the prime factors of 1650203.
743, 2221
List the prime factors of 222122.
2, 17, 47, 139
List the prime factors of 13848022.
2, 29, 238759
List the prime factors of 656541.
3, 72949
List the prime factors of 1480634.
2, 71, 10427
What are the prime factors of 7297766?
2, 7, 113, 659
List the prime factors of 359523.
3, 43, 929
List the prime factors of 2186046.
2, 3, 121447
What are the prime factors of 1238811?
3, 7, 58991
What are the prime factors of 1978782?
2, 3, 13, 23, 1103
What are the prime factors of 3264390?
2, 3, 5, 19, 23, 83
List the prime factors of 610373.
347, 1759
What are the prime factors of 6667145?
5, 17, 78437
List the prime factors of 681245.
5, 19, 71, 101
What are the prime factors of 21751769?
13, 29, 57697
What are the prime factors of 1831164?
2, 3, 152597
List the prime factors of 259678.
2, 157, 827
What are the prime factors of 2175316?
2, 11, 13, 3803
What are the prime factors of 56557?
23, 2459
What are the prime factors of 3892438?
2, 11, 29, 6101
What are the prime factors of 452287?
11, 41117
What are the prime factors of 143241?
3, 7, 19, 359
What are the prime factors of 64231?
64231
What are the prime factors of 22513632?
2, 3, 19, 12343
What are the prime factors of 79468?
2, 19867
What are the prime factors of 1225756?
2, 7, 43777
What are the prime factors of 468701?
83, 5647
List the prime factors of 536181.
3, 29, 6163
What are the prime factors of 220872?
2, 3, 9203
List the prime factors of 13853475.
3, 5, 23, 2677
List the prime factors of 4268373.
3, 131, 10861
What are the prime factors of 17091705?
3, 5, 53, 21499
List the prime factors of 15971542.
2, 7985771
List the prime factors of 61937.
241, 257
What are the prime factors of 48421?
41, 1181
What are the prime factors of 7403954?
2, 3701977
What are the prime factors of 7998?
2, 3, 31, 43
What are the prime factors of 1272327?
3, 7, 43, 1409
List the prime factors of 46023.
3, 23, 29
What are the prime factors of 3540441?
3, 19, 179, 347
List the prime factors of 2622272.
2, 40973
List the prime factors of 1639722.
2, 3, 7, 39041
List the prime factors of 247782.
2, 3, 61, 677
What are the prime factors of 3771595?
5, 19, 29, 37
What are the prime factors of 125985?
3, 5, 37, 227
List the prime factors of 1058473.
13, 81421
List the prime factors of 355890.
2, 3, 5, 11863
What are the prime factors of 27555548?
2, 19, 53, 6841
What are the prime factors of 285511?
53, 5387
List the prime factors of 330188.
2, 23, 37, 97
List th